 + 18*q**2 - 19*q + 40. Determine h(17).
6
Let b(w) = 7*w**3 - 3*w**2 - 4*w + 6. What is b(1)?
6
Let y(j) = 14*j**2 - 4*j - 5. Give y(-1).
13
Let s(v) = 3*v**2 + 10*v - 1. Give s(-4).
7
Let o(r) = -r**2 - 14*r - 7. Calculate o(-12).
17
Let y(r) = -r**2 - 10*r - 16. What is y(-3)?
5
Let j(q) = 2*q + 6. Give j(-6).
-6
Let f(a) = a**2 + 10*a - 36. Calculate f(3).
3
Let a(g) = 31*g + 209. Calculate a(-7).
-8
Let m(u) = -3*u**2 - 30*u - 14. Give m(-11).
-47
Let t(i) = -26*i + 140. What is t(5)?
10
Let j(b) = -b**3 + 19*b**2 - 18*b + 15. Determine j(18).
15
Let y(r) = -r**3 + 22*r**2 - 34. What is y(22)?
-34
Let i(j) = -18*j - 18. Calculate i(-7).
108
Let w(f) = -f**2 + 14*f + 33. Determine w(16).
1
Let w(x) = x**3 - 7*x**2 - 8*x + 5. Give w(8).
5
Let v(k) = 9*k + 32. What is v(-5)?
-13
Let m(q) = q**3 + 3*q**2 - 9*q - 4. Give m(-5).
-9
Let z(q) = -q**2 + 6*q + 1. Give z(3).
10
Let v(k) = -k**3 + 16*k**2 - 32*k + 47. Give v(14).
-9
Let t(a) = -a**2 - 7*a - 3. Give t(-7).
-3
Let d(o) = o**2 + 11*o - 81. Calculate d(-16).
-1
Let y(p) = -p**3 - 6*p**2 + 12*p + 12. Calculate y(-8).
44
Let o(c) = c**2 - 3*c - 33. What is o(7)?
-5
Let x(n) = -n + 33. Determine x(10).
23
Let g(s) = -s - 2. Determine g(-18).
16
Let d(z) = z**2 + 4*z - 3. Give d(7).
74
Let h(l) = l**3 - 3*l**2 - 13*l + 32. Calculate h(4).
-4
Let f(n) = n**3 - 7*n**2 - 3*n + 2. Give f(7).
-19
Let d(n) = -n**2 + 8*n + 32. Calculate d(10).
12
Let g(i) = i**2 - 12*i + 11. What is g(11)?
0
Let l(i) = 5*i**2 - i - 7. Calculate l(2).
11
Let w(p) = -14*p - 916. Give w(-65).
-6
Let w(n) = n**2 - 3*n + 1. Determine w(-2).
11
Let w(h) = -h**2 - 11*h + 3. Determine w(-12).
-9
Let g(s) = -3*s**3 - s**2 + 2*s + 2. Determine g(-2).
18
Let u(g) = -3*g**3 + 2*g**2 - 2*g + 3. Calculate u(2).
-17
Let g(p) = 2*p**2 + 4*p - 2. Determine g(3).
28
Let r(q) = 47*q - 1. What is r(-1)?
-48
Let t(l) = l**3 + 9*l**2 + l + 15. Determine t(-9).
6
Let p(v) = 6*v + 87. Determine p(-12).
15
Let h(s) = -2*s**3 + s**2 + s - 93. Calculate h(0).
-93
Let y(s) = -3*s - 93. Determine y(-27).
-12
Let w(s) = -s**3 + 4*s**2 + 8*s - 12. Determine w(5).
3
Let k(h) = -21*h**2 - 8*h + 9. What is k(1)?
-20
Let q(g) = -4*g - 52. Calculate q(-12).
-4
Let h(b) = b - 24. What is h(11)?
-13
Let q(g) = -g**3 + 17*g**2 + g + 9. Determine q(17).
26
Let k(g) = -g**3 - 3*g**2 + 5*g - 3. Calculate k(-4).
-7
Let s(f) = -f**3 + 4*f**2 + 5*f - 5. Calculate s(5).
-5
Let i(n) = -21*n**3 - 2*n - 2. Give i(-1).
21
Let y(h) = -h**3 + 7*h**2 - 6*h + 2. Determine y(5).
22
Let s(w) = w**3 - 2*w**2 - 2*w - 5. Give s(4).
19
Let f(b) = b**2 + 32*b - 68. Calculate f(-30).
-128
Let z(b) = -8*b - 224. Determine z(-30).
16
Let u(l) = 2*l**2 + 10*l - 17. What is u(4)?
55
Let a(h) = h**3 + 12*h**2 - 16*h - 20. Determine a(-13).
19
Let n(u) = u**3 + 5*u**2 + 6*u - 4. Calculate n(-3).
-4
Let k(u) = -u**3 + u - 17. What is k(0)?
-17
Let a(i) = -i**2 + 17*i - 30. Calculate a(16).
-14
Let g(j) = j**3 - 8*j**2 - 8*j - 13. Give g(9).
-4
Let s(z) = -z + 13. Determine s(7).
6
Let v(i) = -i**3 + i**2 - 5*i + 4. What is v(0)?
4
Let p(h) = h**3 + 6*h**2 - 5*h + 4. Determine p(-7).
-10
Let v(o) = 2*o - 5. Calculate v(10).
15
Let f(g) = g**3 + 18*g**2 + 32*g + 13. Give f(-16).
13
Let l(j) = 4*j**2 + 8*j - 72. Determine l(4).
24
Let l(p) = -p**3 + 11*p**2 + 15*p + 11. Give l(12).
47
Let g(l) = 126*l - 251. What is g(2)?
1
Let c(r) = r**3 + r**2 - 41. Calculate c(0).
-41
Let z(a) = a**2 + 20*a - 25. Determine z(-23).
44
Let i(j) = 2*j**2 + 16*j + 17. What is i(-7)?
3
Let q(s) = -s**3 - s**2 + s - 1. Determine q(-3).
14
Let u(y) = y**3 + 6*y**2 - 31*y - 23. Determine u(-9).
13
Let x(n) = n**3 + 13*n**2 + 21*n - 5. What is x(-11)?
6
Let m(v) = -v**3 - 17*v**2 - 1. What is m(-17)?
-1
Let o(i) = -4*i - 47. Determine o(-15).
13
Let o(u) = -27*u**2 + 4*u - 3. What is o(1)?
-26
Let i(l) = -2*l**3 + 2. Give i(-2).
18
Let k(j) = -j**3 + 11*j**2 - 8*j - 15. Calculate k(10).
5
Let i(j) = j**2 + 6*j - 1. What is i(-6)?
-1
Let l(r) = -r**2 - 10*r - 1. What is l(-6)?
23
Let v(m) = -m**2 + 6*m - 2. Give v(5).
3
Let z(w) = 2*w**2 + 13*w + 14. Give z(-6).
8
Let g(d) = -9*d. Calculate g(-1).
9
Let p(a) = 10*a**3 + 51*a**2 - a - 29. Determine p(-5).
1
Let c(h) = h**3 + 2*h**2 - 3*h + 6. What is c(4)?
90
Let f(j) = -j**2 + 15*j - 4. Calculate f(15).
-4
Let d(c) = c**3 - c**2 - 4*c + 1. Determine d(3).
7
Let t(l) = -3*l + 25. Calculate t(11).
-8
Let r(o) = 5*o - 2. Give r(2).
8
Let t(o) = 3*o**2 + 21*o + 3. Give t(-6).
-15
Let f(v) = -v**3 + 7*v**2 - 4*v - 6. What is f(6)?
6
Let s(m) = m**2 + 24*m + 108. Determine s(-16).
-20
Let x(l) = 9*l - 34. Calculate x(18).
128
Let t(v) = 2*v**3 + 25*v**2 - 90*v. What is t(3)?
9
Let b(n) = n**2 + 7*n + 14. Calculate b(-5).
4
Let q(r) = -r**3 - r - 11. What is q(0)?
-11
Let h(z) = -2*z**3 + 5*z**2 - 5*z + 3. Determine h(3).
-21
Let c(t) = -3*t - 3. Give c(-6).
15
Let y(s) = -13*s - 3. Give y(-1).
10
Let z(n) = -n**2 + 3*n - 2. What is z(3)?
-2
Let q(u) = 15*u - 78. Determine q(5).
-3
Let t(o) = o**2 + 10*o + 26. Calculate t(-7).
5
Let h(p) = -p + 19. What is h(13)?
6
Let j(g) = g**2 - 7*g + 4. Give j(10).
34
Let m(a) = a**2 - 3*a - 4. What is m(6)?
14
Let r(d) = 2*d**2 - 8*d - 15. Calculate r(6).
9
Let s(f) = -f**2 + 3*f. Calculate s(5).
-10
Let q(m) = -m**3 + 80*m**2 + 252*m - 253. Determine q(83).
-4
Let k(d) = -16*d + 2. Calculate k(-1).
18
Let k(y) = y**3 - 3*y**2 - 6. What is k(3)?
-6
Let h(y) = -y**2 - 12*y + 10. Calculate h(-11).
21
Let p(b) = 22*b - 2. Determine p(-2).
-46
Let o(f) = -f**3 + 3*f**2 + 15*f - 4. What is o(6)?
-22
Let m(l) = -5*l + 12. Calculate m(4).
-8
Let v(o) = o**2 + 5*o - 78. Calculate v(-12).
6
Let c(s) = s**2 + 20*s - 62. Give c(-21).
-41
Let c(v) = 3*v**3 + 4*v**2 + 2. Calculate c(-2).
-6
Let o(i) = i**2 - 19*i + 40. What is o(16)?
-8
Let a(d) = -d**2 - 16*d + 34. Determine a(-18).
-2
Let b(f) = 2*f**3 + 31*f**2 - 17*f + 14. Calculate b(-16).
30
Let t(m) = -3*m**2 + 32*m. What is t(11)?
-11
Let a(z) = 13*z**2 - 5*z + 13. Determine a(2).
55
Let p(z) = -3*z + 3. Determine p(-8).
27
Let i(y) = 3*y**3 + 4*y**2 + 3*y + 1. What is i(-2)?
-13
Let y(q) = -7*q**2 + 4*q - 4. What is y(2)?
-24
Let y(z) = -z**3 - 7*z**2 - 5*z - 6. Give y(-7).
29
Let y(g) = g**3 - g**2 - 3*g - 4. Calculate y(3).
5
Let g(n) = -n - 6. Calculate g(5).
-11
Let t(l) = l**2 + 9*l + 5. What is t(-8)?
-3
Let j(t) = -t**3 - 6*t**2 + 56*t + 3. Determine j(-11).
-8
Let a(c) = -4*c - 20. Calculate a(-8).
12
Let u(z) = 7*z. Give u(-2).
-14
Let v(o) = -o**3 - 26*o**2 + 28*o + 40. Calculate v(-27).
13
Let q(t) = 19*t + 158. Give q(-8).
6
Let j(y) = y - 3. Give j(5).
2
Let s(d) = d**3 + 5*d**2 + 6*d - 1. Give s(-4).
-9
Let r(o) = -o**3 + 8*o**2 + 8*o + 11. Calculate r(9).
2
Let c(l) = 13*l - 731. Calculate c(56).
-3
Let a(x) = -x**3 - 6*x**2 - 8*x - 1. Calculate a(-4).
-1
Let f(x) = x - 9. Determine f(-5).
-14
Let k(r) = -r**2 - 26*r - 57. Determine k(-25).
-32
Let n(q) = 5*q**2 + 1. Calculate n(-1).
6
Let t(o) = o - 17. What is t(9)?
-8
Let x(k) = 7*k - 8. Give x(3).
13
Let v(f) = 6*f - 4. Calculate v(3).
14
Let f(n) = -7*n - 7. What is f(-2)?
7
Let u(l) = l**2 + 19*l + 11. Determine u(-17).
-23
Let i(c) = -c**2 - 18*c - 5. Determine i(-17).
12
Let c(g) = -g**2 + 14*g + 5. Determine c(14).
5
Let p(f) = f**2 - 54*f + 325. Calculate p(7).
-4
Let x(v) = -v**2 - 25*v - 63. What is x(-5)?
37
Let o(f) = -f**3 + 5*f**2 + 24*f + 9. Determine o(9).
-99
Let r(k) = -5*k**3 - 12*k**2 + 10*k + 4. Give r(-3).
1
Let h(o) = -o + 13. Give h(16).
-3
Let t(i) = -i**2 - 6*i - 7. Determine t(-7).
-14
Let y(d) = d**2 + 19*d + 57. Give y(-17).
23
Let y(o) = 5*o - 124. What is y(27)?
11
Let n(v) = v - 10. What is n(14)?
4
Let k(s) = s**3 + 28*s**2 + 26*s - 25. What is k(-27)?
2
Let z(n) = 4*n - 34. Give z(7).
-6
Let u(w) = w**3 + w**2 - 211*w + 5. Give u(14).
-9
Let r(b) = -5*b**3 + 3*b**2 + 10*b + 14. Give r(-2).
46
Let f(o) = -o**2 + 2*o + 11. Determine f(0).
11
Let i(p) = -p**3 + 6*p**2 - 2*p - 2. What is i(6)?
-14
Let s(u) = -u**2 - 2*u + 15. Calculate s(-5).
0
Let v(p) = p**3 + 11*p**2 - 2*p - 9. Determine v(-11).
13
Let z(r) = r**3 + 3*r**2 - 2*r. Give z(2).
16
Let o(l) = -l**3 + 5*l**2 - 2*l - 2. Calculate o(0).
-2
Let m(x) = -2*x + 30. Give m(12).
6
Let t(y) = 26*y - 22. Determine t(1).
4
Le